(base 12) to base 15.
356
Convert -2152 (base 7) to base 13.
-475
Convert -160 (base 15) to base 2.
-100111011
Convert 113402 (base 5) to base 9.
5716
-b23c (base 16) to base 3
-2022120221
Convert -289 (base 12) to base 4.
-12021
What is -5303 (base 9) in base 12?
-2303
11001 (base 4) to base 6
1253
-59 (base 10) to base 11
-54
5143 (base 6) to base 8
2167
Convert 305a (base 14) to base 8.
20170
Convert 1a2 (base 14) to base 4.
11102
What is 56c (base 16) in base 11?
1052
686 (base 9) to base 5
4224
-2010022010 (base 3) to base 2
-1010001100101100
What is 55a2a (base 11) in base 16?
13cce
-6013 (base 8) to base 5
-44313
Convert 1100100011 (base 2) to base 6.
3415
-384 (base 9) to base 7
-634
-6651 (base 9) to base 4
-1030222
What is 12626 (base 7) in base 3?
11122222
Convert -37357 (base 10) to base 14.
-d885
What is 210200 (base 3) in base 14?
2db
What is -144134 (base 6) in base 12?
-804a
112120 (base 3) to base 7
1101
What is 11124 (base 6) in base 16?
61c
221550 (base 7) to base 16
987f
-140 (base 6) to base 16
-3c
What is 2001 (base 3) in base 15?
3a
346 (base 10) to base 16
15a
What is 2383 (base 10) in base 6?
15011
864 (base 10) to base 8
1540
What is -178a (base 12) in base 3?
-10220021
Convert -119 (base 13) to base 6.
-515
What is -30973 (base 10) in base 5?
-1442343
What is 22917 (base 10) in base 2?
101100110000101
What is 3003 (base 6) in base 16?
28b
Convert 2956 (base 16) to base 13.
4a80
-834 (base 9) to base 2
-1010100111
Convert 113 (base 8) to base 7.
135
Convert -100000001 (base 2) to base 12.
-195
-b403 (base 15) to base 2
-1001010010001100
What is -a81 (base 12) in base 2?
-11000000001
13033 (base 4) to base 13
298
Convert -64321 (base 7) to base 12.
-9284
What is 25 (base 16) in base 12?
31
Convert 755 (base 16) to base 7.
5321
Convert 1565 (base 8) to base 16.
375
Convert -101101000100001 (base 2) to base 13.
-a66b
Convert -65155 (base 7) to base 5.
-1004320
-3f61 (base 16) to base 12
-9481
Convert -23072 (base 9) to base 2.
-11110000001110
Convert a99c (base 14) to base 9.
44222
What is 1161 (base 12) in base 10?
1945
1388 (base 12) to base 5
33024
Convert -1000010111100 (base 2) to base 14.
-17c0
What is 640 (base 9) in base 15?
24c
What is 11125 (base 8) in base 3?
20102211
Convert 100023312 (base 4) to base 13.
24237
What is -6789 (base 14) in base 4?
-10120211
What is -15250 (base 7) in base 5?
-113444
-14260 (base 7) to base 4
-331021
-1038 (base 10) to base 8
-2016
Convert 10021 (base 5) to base 12.
450
-17288 (base 10) to base 5
-1023123
2444 (base 6) to base 3
211101
Convert 120011 (base 4) to base 16.
605
Convert -18484 (base 13) to base 3.
-2101100211
-1111100110000 (base 2) to base 8
-17460
Convert -44133 (base 7) to base 2.
-10101100101001
17467 (base 8) to base 12
475b
Convert 10506 (base 10) to base 3.
112102010
100110000101 (base 2) to base 10
2437
199d (base 15) to base 13
26aa
What is 5a76 (base 12) in base 13?
4824
What is -1010111011 (base 2) in base 4?
-22323
Convert -231013 (base 4) to base 9.
-3857
Convert -13501 (base 9) to base 10.
-9154
What is 2120100 (base 3) in base 12?
1100
Convert 445 (base 11) to base 2.
1000010101
Convert 140243 (base 5) to base 13.
2794
-210100 (base 3) to base 11
-484
Convert -9668 (base 10) to base 5.
-302133
Convert 286 (base 13) to base 5.
3243
Convert -12002101 (base 3) to base 9.
-5071
What is -2c51 (base 13) in base 16?
-1958
Convert 45546 (base 7) to base 5.
332343
129 (base 15) to base 11
220
Convert -507 (base 9) to base 7.
-1126
What is -1200212 (base 3) in base 7?
-3416
Convert 4c44 (base 13) to base 5.
321442
What is 210321 (base 4) in base 6?
14533
Convert 540d (base 16) to base 7.
116506
What is -3a24 (base 12) in base 6?
-50444
What is 101101000000 (base 2) in base 16?
b40
25b2 (base 13) to base 5
133014
30025 (base 7) to base 11
5476
Convert 1456 (base 7) to base 2.
1001000100
-4243 (base 5) to base 16
-23d
What is -2a8 (base 12) in base 8?
-640
What is 112442 (base 6) in base 7?
40130
What is 33204 (base 5) in base 13?
1083
What is 1226a (base 16) in base 13?
27abc
435 (base 7) to base 2
11011110
What is -286 (base 11) in base 3?
-110110
-10101000110 (base 2) to base 9
-1760
111110 (base 3) to base 8
553
206446 (base 7) to base 12
1893a
What is -20465 (base 9) in base 10?
-13505
28200 (base 9) to base 2
100101010101100
What is 84a (base 16) in base 6?
13454
Convert -23b (base 14) to base 10.
-445
What is -1187 (base 12) in base 7?
-5521
2230 (base 4) to base 12
124
-2566 (base 12) to base 14
-179c
-52e (base 15) to base 8
-2221
What is 1001001100110101 (base 2) in base 15?
b275
What is -a9a (base 14) in base 3?
-2212122
What is -2502 (base 13) in base 7?
-21165
Convert 104 (base 14) to base 10.
200
What is 4765 (base 8) in base 13?
1211
-2000020 (base 3) to base 5
-21324
What is -9796 (base 14) in base 10?
-26200
Convert 3438 (base 10) to base 16.
d6e
Convert 1856 (base 12) to base 10.
2946
Convert 3516 (base 7) to base 2.
10100000111
What is 1185 (base 10) in base 15?
540
What is 10101111 (base 2) in base 13?
106
Convert 14a2 (base 13) to base 12.
18a5
What is -125 (base 10) in base 12?
-a5
20130 (base 5) to base 14
682
What is -2355 (base 6) in base 9?
-708
356 (base 11) to base 12
2b4
What is 50095 (base 10) in base 5?
3100340
100100100101 (base 2) to base 12
1431
-3cdd (base 14) to base 10
-10779
1202 (base 9) to base 2
1101111101
What is 177 (base 16) in base 12?
273
What is 200 (base 8) in base 9?
152
cb (base 14) to base 4
2303
Convert 111000000011001 (base 2) to base 15.
8782
What is 13222 (base 7) in base 14?
1412
Convert -3d30 (base 14) to base 6.
-122034
Convert 892 (base 10) to base 3.
1020001
What is -1551 (base 9) in base 15?
-53a
-101011020 (base 3) to base 7
-30405
-1004123 (base 5) to base 2
-11111100100011
238a1 (base 13) to base 7
361035
What is 10001100111011 (base 2) in base 10?
9019
-21c (base 13) to base 12
-263
What is 36644 (base 7) in base 14?
36cb
Convert 4653 (base 13) to base 6.
113410
Convert -317 (base 12) to base 8.
-703
b490 (base 15) to base 10
38160
Convert 101020000 (base 3) to base 12.
4390
-2338 (base 10) to base 13
-10ab
-1422200 (base 5) to base 16
-73eb
Convert -110010001010100 (base 2) to base 12.
-12a44
What is 101001100001 (base 2) in base 16?
a61
-10202 (base 8) to base 9
-5715
What is -43422 (base 10) in base 4?
-22212132
20425 (base 12) to base 14
11497
What is -706 (base 10) in base 4?
-23002
-1858 (base 11) to base 8
-4472
Convert -11001001001 (base 2) to base 16.
-649
What is -1101221 (base 3) in base 5?
-13044
Convert 3213201 (base 4) to base 16.
39e1
Convert 13bf (base 16) to base 3.
20221020
Convert -3167 (base 8) to base 10.
-1655
Convert -2020000121 (base 3) to base 9.
-66017
18954 (base 11) to base 16
6745
Convert -6517 (base 10) to base 2.
-1100101110101
-1010 (base 2) to base 9
-11
What is 14451 (base 7) in base 9?
5440
-164133 (base 7) to base 12
-16a96
Convert -100324 (base 5) to base 16.
-c8e
Convert 4c38 (base 13) to base 7.
43446
-ff4f (base 16) to base 3
-10022122201
73a2 (base 11) to base 15
2d7c
-1000111111 (base 2) to base 5
-4300
Convert -13234 (base 5) to base 6.
-4541
Convert e7f (base 16) to base 10.
3711
What is 1111100 (base 3) in base 4?
101001
What is -250 (base 14) in base 7?
-1230
2110210 (base 5) to base 14
cabd
111110222 (base 3) to base 14
381d
14144 (base 5) to base 3
1121111
What is -446 (base 9) in base 14?
-1c2
Convert 4114 (base 7) to base 3.
1222001
What is 1b185 (base 12) in base 9?
60762
What is -30323 (base 4) in base 11?
-692
What is 1101011 (base 2) in base 15?
72
-2324 (base 6) to base 4
-20230
Convert -2828 (base 11) to base 3.
-12000120
Convert -2411 (base 14) to base 10.
-6287
10014 (base 5) to base 2
1001111010
-2854 (base 9) to base 3
-2221211
112222122 (base 3) to base 7
43565
-110431 (base 5) to base 14
-15a2
3110320 (base 4) to base 14
4d72
Convert 21144 (base 6) to base 12.
17b4
What is -5073 (base 11) in base 7?
-25431
Convert 1736 (base 16) to base 15.
1b62
What is -270 (base 11) in base 16?
-13f
What is 103034 (base 5) in base 2?
110110111111
-10002 (base 4) to base 12
-196
What is 111010101011 (base 2) in base 4?
322223
100001000001 (base 2) to base 12
1281
What is 1021001 (base 3) in base 12?
647
1a7d (base 15) to base 5
140433
-1716 (base 9)